{"id":519,"date":"2026-04-14T13:26:48","date_gmt":"2026-04-14T11:26:48","guid":{"rendered":"https:\/\/mma.grzegorzfortuna.eu\/?page_id=519"},"modified":"2026-04-14T13:27:52","modified_gmt":"2026-04-14T11:27:52","slug":"zapisy","status":"publish","type":"page","link":"https:\/\/mma.grzegorzfortuna.eu\/index.php\/zapisy\/","title":{"rendered":"Zapisy"},"content":{"rendered":"\t\t<div data-elementor-type=\"wp-page\" data-elementor-id=\"519\" class=\"elementor elementor-519\" data-elementor-post-type=\"page\">\n\t\t\t\t<div class=\"elementor-element elementor-element-0df17fd e-flex e-con-boxed e-con e-parent\" data-id=\"0df17fd\" data-element_type=\"container\" data-e-type=\"container\">\n\t\t\t\t\t<div class=\"e-con-inner\">\n\t\t<div class=\"elementor-element elementor-element-e424156 e-con-full e-flex e-con e-child\" data-id=\"e424156\" data-element_type=\"container\" data-e-type=\"container\">\n\t\t\t\t<div class=\"elementor-element elementor-element-3da824c elementor-widget elementor-widget-text-editor\" data-id=\"3da824c\" data-element_type=\"widget\" data-e-type=\"widget\" data-widget_type=\"text-editor.default\">\n\t\t\t\t\t\t\t\t\t<p><strong>ZAPISY na TRENINGI GRUPOWE<\/strong><\/p><p><b>Zapisz si\u0119 ju\u017c dzi\u015b. SERDECZNIE ZAPRASZAMY<\/b><\/p><p><b>DO\u0141\u0104CZY\u0106 DO NAS MO\u017bESZ W KA\u017bDEJ CHWILI \ud83d\ude42 <\/b><\/p><p><b>Zapisujemy si\u0119 drog\u0105 telefoniczn\u0105 tel. 798720668<\/b><\/p><p><b>Po rozmowie potwierdzamy obecno\u015b\u0107 SMS<\/b><\/p><p><b>W SMS podajemy: IMI\u0118, NAZWISKO, WIEK oraz Grupa Treningowa<\/b><\/p><p><b>ZAJ\u0118CIA GRUPOWE GRAFIK:<\/b><\/p><p><b>MMA \/ SAMOOBRONA DLA KOBIET GRUPA CROSSFIGHT:<\/b><\/p><p>TRENINGI DLA KOBIET: Pon, \u015ar i Pt godz. 20.30<\/p><p><b>Mo\u017cesz trenowa\u0107 dowolnie raz, dwa lub 3 razy w tyg.<\/b><\/p><p>\u00a0<\/p><h2><b>TRENINGI DLA DZIECI MMA\/SAMOOBRONA <\/b><\/h2><p>NA TRENINGU PODZIA\u0141 NA GRUPY WIEKOWE<\/p><p>TRENINGI: Pon, \u015ar, Pt. godz. 18.00<\/p><p><b>Mo\u017cesz zapisa\u0107 swoje Dziecko na 1,2 lub 3 treningi w tyg.<\/b><\/p><p>\u00a0<\/p><h2><b>TRENINGI MMA \/ MT DORO\u015aLI:<\/b><\/h2><p>M\u0142odzie\u017c i Doro\u015bli: Pon, \u015ar, Pt. godz. 19.00<\/p><p><b>Mo\u017cesz zapisa\u0107 si\u0119 na 1,2 lub 3 treningi w tyg.<\/b><\/p><p><b>Na Sali obowi\u0105zuje podzia\u0142 na POCZ\u0104TKUJ\u0104CYCH \/ \u015aREDNIOZAAWANSOWANYCH \/ PRO<\/b><\/p><p><b>ZAPEWNIAMY SPECJALN\u0104 STREF\u0118 TRENINGOW\u0104 DLA KOBIET, KT\u00d3RE TAK\u017bE GOR\u0104CO ZAPRASZAMY<\/b><\/p><p><b>DWIE SALE TRENINGOWE: SALA MATY 210m2, SALA WORKI 70m2 <\/b><\/p><p><b>Zapisz si\u0119 ju\u017c dzi\u015b. SERDECZNIE ZAPRASZAMY<\/b><\/p><p><b>DO\u0141\u0104CZY\u0106 DO NAS MO\u017bESZ W KA\u017bDEJ CHWILI \ud83d\ude42 <\/b><\/p><p>Nasze treningi zapewniaj\u0105 Ci nauke w ka\u017cdej p\u0142aszczy\u017anie walki:<br \/>&#8222;<b>ST\u00d3JKA<\/b>&#8222;, &#8222;<b>ZWARCIE<\/b>&#8221; i &#8222;<b>PARTER<\/b>&#8222;<br \/>Ka\u017cdy trening zawiera solidn\u0105 rozgrzewk\u0119 kszta\u0142tuj\u0105c\u0105 rozci\u0105g, gibko\u015b\u0107, dynamik\u0119, si\u0142\u0119 i wytrzyma\u0142o\u015b\u0107. 70% St\u00f3jka a wi\u0119c Boks, Kickboxing, Muay-Thai, Sanda. 30% Parter a wi\u0119c Submission Fighting, Grappling, Bjj, Zapasy.<\/p><p>Zaj\u0119cia prowadzimy w <b>HALI GLOBUS<br \/><\/b> <b>Lublin ul. KAZIMIERZA WIELKIEGO 8, Informacje i zapisy tel. 798-720-668<\/b><\/p><p>\u00a0<\/p><h2><b>TRENINGI PERSONALNE ( ZAJ\u0118CIA INDYWIDUALNE)<\/b><\/h2><p>Szczeg\u00f3\u0142owe informacje oraz zapisy na treningi tel. 798-720-668.<\/p><p>Zaj\u0119cia personalne to profesjonalne treningi, dopasowane do indywidualnych potrzeb oraz mo\u017cliwo\u015bci \u0107wicz\u0105cego. Treningi personalne z trenerem obejmuj\u0105 nauk\u0119 technik danych sport\u00f3w walki, nauk\u0119 pracy na przyrz\u0105dach, worek, tarcze z trenerem, \u0107wiczenia w parach z trenerem lub partnerem treningowym, dla ch\u0119tnych sparingi.<br \/>Klub prowadzi zaj\u0119cia personalne dla os\u00f3b w ka\u017cdym wieku oraz o r\u00f3\u017cnym stopniu zaawansowania. Serdecznie zapraszamy Dzieci, M\u0142odzie\u017c oraz Doros\u0142ych. Nasz Klub tak\u017ce prowadzi specjalistyczne przygotowania zawodnik\u00f3w do walk amatorskich oraz zawodowych. Zaj\u0119cia personalne prowadzimy tak\u017ce dla Kobiet.<\/p><p>Nasze treningi zapewniaj\u0105 Ci nauke w ka\u017cdej p\u0142aszczy\u017anie walki:<br \/>&#8222;<b>ST\u00d3JKA<\/b>&#8222;, &#8222;<b>ZWARCIE<\/b>&#8221; i &#8222;<b>PARTER<\/b>&#8222;<br \/>Ka\u017cdy trening zawiera solidn\u0105 rozgrzewk\u0119 kszta\u0142tuj\u0105c\u0105 rozci\u0105g, gibko\u015b\u0107, dynamik\u0119, si\u0142\u0119 i wytrzyma\u0142o\u015b\u0107. 70% St\u00f3jka a wi\u0119c Boks, Kickboxing, Muay-Thai, Sanda. 30% Parter a wi\u0119c Submission Fighting, Grappling, Bjj, Zapasy.<\/p><p><b>TRENUJ Z NAMI:<\/b><\/p><p><b>MMA<\/b>, <b>K1<\/b>, <b>BOKS<\/b>, <b>SANDA<\/b>, <b>MUAY-THAI<\/b>, <b>KICKBOXING<\/b>, <b>SUBMISSION<\/b>, <b>SAMOOBRONA<\/b>, <b>CROSS-FIGHT<\/b>.<\/p><p><b>SPECJALNIE DLA KOBIET<\/b><\/p><p><b>SAMOOBRONA<\/b>, <b>CROSS-FIGHT<\/b>,<b>FITBODY WORKOUT<\/b>, <b>REHABILITACJA<\/b><br \/><b>ZDROWY KR\u0118GOS\u0141UP<\/b>,<br \/><b>ROZCI\u0104GANIE<\/b>,<br \/><b>TRENING FUNKCJONALNY<\/b>.<\/p><p>Klub zaj\u0119cia personalne prowadzi w Hali Globus oraz w Studio Treningu Personalnego ul. Ametystowa 1 w Lublinie (obok sklepu Stokrotka).<\/p>\t\t\t\t\t\t\t\t<\/div>\n\t\t\t\t<\/div>\n\t\t<div class=\"elementor-element elementor-element-006c838 e-con-full e-flex e-con e-child\" data-id=\"006c838\" data-element_type=\"container\" data-e-type=\"container\">\n\t\t\t\t<\/div>\n\t\t\t\t\t<\/div>\n\t\t\t\t<\/div>\n\t\t\t\t<\/div>\n\t\t","protected":false},"excerpt":{"rendered":"<p>ZAPISY na TRENINGI GRUPOWE Zapisz si\u0119 ju\u017c dzi\u015b. SERDECZNIE ZAPRASZAMY DO\u0141\u0104CZY\u0106 DO NAS MO\u017bESZ W KA\u017bDEJ CHWILI \ud83d\ude42 Zapisujemy si\u0119 drog\u0105 telefoniczn\u0105 tel. 798720668 Po rozmowie potwierdzamy obecno\u015b\u0107 SMS W SMS podajemy: IMI\u0118, NAZWISKO, WIEK oraz Grupa Treningowa ZAJ\u0118CIA GRUPOWE GRAFIK: MMA \/ SAMOOBRONA DLA KOBIET GRUPA CROSSFIGHT: TRENINGI DLA KOBIET: Pon, \u015ar i Pt [&hellip;]<\/p>\n","protected":false},"author":1,"featured_media":0,"parent":0,"menu_order":0,"comment_status":"closed","ping_status":"closed","template":"","meta":{"footnotes":""},"class_list":["post-519","page","type-page","status-publish","hentry"],"_links":{"self":[{"href":"https:\/\/mma.grzegorzfortuna.eu\/index.php\/wp-json\/wp\/v2\/pages\/519","targetHints":{"allow":["GET"]}}],"collection":[{"href":"https:\/\/mma.grzegorzfortuna.eu\/index.php\/wp-json\/wp\/v2\/pages"}],"about":[{"href":"https:\/\/mma.grzegorzfortuna.eu\/index.php\/wp-json\/wp\/v2\/types\/page"}],"author":[{"embeddable":true,"href":"https:\/\/mma.grzegorzfortuna.eu\/index.php\/wp-json\/wp\/v2\/users\/1"}],"replies":[{"embeddable":true,"href":"https:\/\/mma.grzegorzfortuna.eu\/index.php\/wp-json\/wp\/v2\/comments?post=519"}],"version-history":[{"count":4,"href":"https:\/\/mma.grzegorzfortuna.eu\/index.php\/wp-json\/wp\/v2\/pages\/519\/revisions"}],"predecessor-version":[{"id":523,"href":"https:\/\/mma.grzegorzfortuna.eu\/index.php\/wp-json\/wp\/v2\/pages\/519\/revisions\/523"}],"wp:attachment":[{"href":"https:\/\/mma.grzegorzfortuna.eu\/index.php\/wp-json\/wp\/v2\/media?parent=519"}],"curies":[{"name":"wp","href":"https:\/\/api.w.org\/{rel}","templated":true}]}}